remainder when 610 is divided by q(-27).
34
Let n = 7505 - 5024. Calculate the remainder when n is divided by 822.
15
Suppose -4*h = 2*t - 302, h - t = -0*h + 74. Let m be ((-6)/5)/(-1*12/(-440)). Let u = m + h. Calculate the remainder when 120 is divided by u.
27
What is the remainder when 1241 is divided by 2/62 - 93598/(-1643)?
44
Let z = 121 + -121. Suppose -14*p + 52 + 18 = z. Calculate the remainder when 18 is divided by p.
3
Suppose -6*j = -3*j - 99. Suppose 9 = r + 4. Suppose 19 = 2*n + r. What is the remainder when j is divided by n?
5
Let y = 4450 + -4412. What is the remainder when 81 is divided by y?
5
Let f be (-1)/((4/8*-1)/4). Let n(m) = -m**2 + 15*m - 20. What is the remainder when (11/(-4))/(f + 2890/(-360)) is divided by n(9)?
31
Suppose 213*p - 216*p + 351 = 5*h, 3*p + h - 351 = 0. Calculate the remainder when 232 is divided by p.
115
Let j(y) = -y**3 + 58*y**2 + 46*y - 52. Calculate the remainder when j(15) is divided by 54.
53
Let r(u) = u**3 - 7*u**2 + 7*u - 5. Suppose -7138 = -798*n - 6149 + 12577. What is the remainder when n is divided by r(6)?
0
Let w(v) = -16*v + 3. Let z = 491 - 186. Let x = z - 271. What is the remainder when w(-6) is divided by x?
31
Let x(o) = -o**3 + 11*o**2 - 34*o + 94. What is the remainder when 256 is divided by x(8)?
4
Let r(v) = v + 2. Let q be r(3). Suppose 0 = 8*l - 6*l - 4*b - 28, 22 = 2*l - b. Calculate the remainder when -1 - (-36 + (3 - q)) is divided by l.
7
Let u = 29 - 30. Suppose -2*g + 3*g - 3*z + 4 = 0, -3*g - 3*z = -24. Calculate the remainder when (4/4)/(u/(-29)) is divided by g.
4
Suppose 0 = -4*d - f + 15, -23 = -4*d - 2*f - 5. Suppose 90 = d*g - 177. What is the remainder when g is divided by 46?
43
Suppose 15*q - 11*q = 2*z - 470, 3*z - 696 = 3*q. Suppose 225*b = z*b - 164. What is the remainder when 199 is divided by b?
35
Suppose -717*y + 715*y + 12 = 0, 3*q = -4*y + 3690. What is the remainder when q is divided by 399?
25
Let x = 7114 + -7046. What is the remainder when x is divided by 12?
8
Suppose 0 = 8*r - 345 - 95. Suppose 0 = -14*q - 1452 + 4784. Calculate the remainder when q is divided by r.
18
Suppose -11*g - 44 = 187. Let u = g + 21. Suppose -2*s - s + 36 = u. Calculate the remainder when 31 is divided by s.
7
Let j(w) = -2057*w + 2830. What is the remainder when j(1) is divided by 9?
8
Let s(x) = 24*x + 103. Let y be s(-4). Suppose -2*l = 5*i - y*l - 690, -2*l + 534 = 4*i. Calculate the remainder when i is divided by 37.
24
Let d = -209 - -373. Suppose -4*t + 8*t - d = 0. Calculate the remainder when t is divided by 6/((-8)/(-20) + 14/(-110)).
19
Let z(b) be the first derivative of 2*b**2 + 1. Let r be z(3). Calculate the remainder when 10 is divided by 3*(0 - (-8)/r).
0
Suppose -272 = -11*m - 239. Let o = 5 - 3. Suppose 2*k = m*y - 52, -o*k = -7*y + 6*y + 20. Calculate the remainder when 43 is divided by y.
11
Let l = 11452 - 11416. What is the remainder when 157 is divided by l?
13
Suppose -d - 331 = -4*w, 30*d = -w + 33*d + 91. What is the remainder when 693 is divided by w?
37
Let z = -4556 - -4606. Calculate the remainder when 378 is divided by z.
28
Let t(d) = -d**2 + 6*d + 408. Let j(q) = -2 + 3 + 7*q**2 + 2*q + 1. What is the remainder when j(-3) is divided by t(-17)?
8
Suppose -2*q = 9*t - 6*t - 56, -2*t = 3*q - 84. Suppose -v - 4*u = -134, 5*u + 3 - q = 0. Calculate the remainder when 126 is divided by v.
12
Let j(f) = 35*f + 1920. What is the remainder when 211 is divided by j(-52)?
11
Suppose -4*q + 5*q + 5*h - 28 = 0, -5*q + 2*h = -59. Suppose -q*c + 37 = -1289. What is the remainder when c is divided by 15?
12
Let d(v) = v**3 + 8*v**2 + 3. Let y be d(-8). Suppose 4*l + 3*i - 25 = 65, -y*i - 102 = -4*l. Calculate the remainder when 44 is divided by l.
20
Let l(g) = -10*g**3 - g**2 + 1. Let k be l(-1). Suppose -k = -3*d - 1. What is the remainder when 135 is divided by ((-8)/12)/(d/(-153))?
33
Let n(l) = 89*l**2 - 10*l + 19. Calculate the remainder when n(5) is divided by 122.
120
Let l(n) = -n**2 + 38*n - 261. What is the remainder when 133 is divided by l(27)?
25
Let r be (-1 - (-1 - 0)) + -84. Let v = r - -64. What is the remainder when 27 is divided by ((2/5)/(-1))/(v/200)?
3
Calculate the remainder when (-238)/17 - -15 - -1099 is divided by 27.
20
Let k be (780/(-25))/(1/(-5) - 0). Suppose 0 = 16*n - k + 396. Calculate the remainder when (57 + -2)*n/(-25) is divided by 6.
3
Suppose 157*j - 2415 = 142*j. What is the remainder when j is divided by 34?
25
Let x(s) = 48*s - 98. Let j(h) = -24*h + 49. Let d(f) = -5*j(f) - 2*x(f). Calculate the remainder when 424 is divided by d(5).
69
Let d = 14 + -10. Suppose -d*q - 4*x + 109 = q, 4*q + 5*x - 80 = 0. Let n(j) = -778*j - 765. What is the remainder when q is divided by n(-1)?
12
Suppose -3*j + 711 - 60 = 2*s, -4*j + 883 = s. Calculate the remainder when 2231 is divided by j.
1
Suppose -17*o - 8*o - 99 = -1274. What is the remainder when 151 is divided by o?
10
Let m(a) = 60*a**2 + 234*a - 4. Let d(k) = 21*k**2 + 78*k - 1. Let p(q) = 8*d(q) - 3*m(q). Calculate the remainder when p(-6) is divided by 3.
1
Suppose 3*u - 9*u + 432 = 0. Let r = -44 + u. Suppose -v = -79 - 0. What is the remainder when v is divided by r?
23
Let g(k) = -2*k + 4. Let b be g(-9). Let i = -23 + b. Let p(d) = -23*d**3 - d - 1. What is the remainder when 68 is divided by p(i)?
22
Let m(j) = 2*j. Let k(x) = 19*x - 9. Let n(y) = k(y) - 4*m(y). Let g be n(-3). Calculate the remainder when 27 is divided by 11/(-44) + g/(-8).
2
Let w = 973 + -904. What is the remainder when w is divided by 31?
7
Suppose -111096 + 2826 = 15*y. Calculate the remainder when y/(-14) + (-54)/(-126) is divided by 52.
48
Let z(m) = 17*m + 172. Calculate the remainder when 721 is divided by z(31).
22
Suppose -3*v = 8*v - 3465. Let p = 345 - v. Calculate the remainder when p is divided by 5.
0
Suppose 4*n + 2*b = -1128, -1947 + 515 = 5*n - 3*b. Let h = n - -386. Calculate the remainder when h is divided by 21.
18
Suppose -2*o - 28 = -98. What is the remainder when 9 - (36/54 - 4/(96/4600)) is divided by o?
25
Suppose 413 - 2566 = -22*i + 861. Calculate the remainder when 389 is divided by i.
115
Suppose 3*n + 498 = -3*r, -496 = 2*n + n + 4*r. Let j = 174 + n. What is the remainder when 141 is divided by j?
3
Let l(d) be the third derivative of d**4/3 - 2*d**3/3 + 2*d**2. Calculate the remainder when 46 is divided by l(2).
10
Let d(j) = 5*j**2 - 2 + 2*j - j**3 + 0*j**3 + 1. Calculate the remainder when d(-3) is divided by (-14)/(-77) + (-510)/1122*119/(-5).
10
What is the remainder when 256 is divided by ((-8)/14 - 2)/((-8)/56)?
4
Suppose -5*v + 291 = 2*d, -86 = -4*v + 5*d + 94. Let x(y) = 15*y - 1. Calculate the remainder when v is divided by x(2).
26
Let l = -28026 + 28213. What is the remainder when l is divided by 3?
1
Calculate the remainder when 389 is divided by 1*5 + (-2592)/(-378)*(-2 + 9).
18
Let t = -85 + 124. Let p = t - 39. Suppose 6*g + 0*g - 582 = p. What is the remainder when g is divided by 25?
22
What is the remainder when (-3)/6 - (-521)/2 is divided by -33 + 112 + -24 + -34?
8
Let g(u) = -u**3 + 9*u**2 + 11*u - 9. Suppose 11*c - 16*c + 10 = 0. Suppose t = -2*s + 19, 1 = -c*t - 1. What is the remainder when 2 is divided by g(s)?
0
Let q = 65 - 80. Let j be (2*-18)/(q/20). Suppose 4*i - 472 + j = 0. Calculate the remainder when i is divided by 36.
34
What is the remainder when 29/((-1160)/(-144))*5/(-3) + 1409 is divided by 67?
63
What is the remainder when -2 + 697 + 2 + (-58 - -60) is divided by 244?
211
Let b(c) = -3*c**3 - 6*c**2 - 10*c + 9. Let s be b(-6). Let v = s + -446. Calculate the remainder when 269 is divided by v.
49
Let o be 1/(4/8) - -16. Let t = -2 + o. What is the remainder when 40/(-24) - (970/3)/(-5) is divided by t?
15
Let x(k) = 50*k - 38. Let g(t) = -25*t + 19. Let o(i) = 7*g(i) + 3*x(i). Calculate the remainder when o(-4) is divided by 115.
4
Suppose -5*w = 2*t - 2546, -3*w - 9*t + 1787 - 275 = 0. What is the remainder when w is divided by 190?
130
Suppose 3*p = -12, -5*k + 82 = -5*p + 2*p. Let c = 28 + -17. Suppose 3*u - 101 = -c. Calculate the remainder when u is divided by k.
2
Suppose 38*x - 51114 = 105013 + 19851. What is the remainder when x is divided by 103?
99
Let w be 7/((-2)/(-2)) - 1. Suppose w*r + 9*r